{"id":14,"date":"2025-10-17T12:56:56","date_gmt":"2025-10-17T12:56:56","guid":{"rendered":"https:\/\/officialgripx.com.ar\/?page_id=14"},"modified":"2025-12-01T19:59:41","modified_gmt":"2025-12-01T19:59:41","slug":"reembolso_devoluciones","status":"publish","type":"page","link":"https:\/\/officialgripx.com.ar\/index.php\/reembolso_devoluciones\/","title":{"rendered":"Pol\u00edtica de devoluciones y reembolsos"},"content":{"rendered":"\t\t<div data-elementor-type=\"wp-page\" data-elementor-id=\"14\" class=\"elementor elementor-14\" data-elementor-post-type=\"page\">\n\t\t\t\t<div class=\"elementor-element elementor-element-3b5aae66 e-flex e-con-boxed e-con e-parent\" data-id=\"3b5aae66\" data-element_type=\"container\" data-e-type=\"container\">\n\t\t\t\t\t<div class=\"e-con-inner\">\n\t\t\t\t<div class=\"elementor-element elementor-element-6ad27955 elementor-widget elementor-widget-text-editor\" data-id=\"6ad27955\" data-element_type=\"widget\" data-e-type=\"widget\" data-widget_type=\"text-editor.default\">\n\t\t\t\t\t\t\t\t\t<h1><strong>POL\u00cdTICA DE DEVOLUCI\u00d3N<\/strong><\/h1><p><b>CANCELACI\u00d3N DE COMPRA Y DEVOLUCIONES:<\/b><\/p><p><strong>1<\/strong>. Una vez realizado el pago est\u00e1 aceptando todos los t\u00e9rminos y condiciones tanto de la descripci\u00f3n del producto como las formas de pago que eligi\u00f3. GRIPX no se hace responsable de su decisi\u00f3n de compra y no podr\u00e1 reembolsarle el dinero debido al tiempo de procesamiento de las pasarelas de pago y los gastos incurridos para nosotros. Por lo mismo si el usuario hizo pago en cuotas queda excluida de devoluci\u00f3n\/reembolso.<\/p><p>Para ser elegible para una devoluci\u00f3n, su art\u00edculo debe estar sin usar y en las mismas condiciones en que lo recibi\u00f3. Tambi\u00e9n debe estar en el embalaje original.<\/p><p>No hacemos reembolso de dinero debido a procesamiento de pasarelas de pago y gastos de impuestos incurrido hacia nosotros.<\/p><p>Los art\u00edculos pueden tener variaciones en colores, tonalidades y dise\u00f1os que no afecten su funcionalidad ni uso dependiendo del fabricante, por lo que no son motivos de reembolso.<\/p><p><strong>2<\/strong>. Nuestra pol\u00edtica de devoluci\u00f3n dura<strong> 7 dias<\/strong> despu\u00e9s de haber recibido su compra. Si han pasado los 7 dias desde que recibi\u00f3 su compra, desafortunadamente no podemos ofrecerle un reembolso o cambio.<\/p><p>Solo se aceptan cambios por art\u00edculos da\u00f1ados\/fallados o cambios de talle solo y exclusivamente en la secci\u00f3n de indumentaria.<\/p><p>Recomendamos siempre revisar su orden antes de comprar. En cuanto al producto que sea el que usted eligi\u00f3: Color, talle, tama\u00f1o, peso; y las unidades: 1,2,3, etc. En cuanto al pago: En la pantalla de pago debe controlar que todos sus datos est\u00e9n bien: direcci\u00f3n, dni, c\u00f3digo postal, correo, etc. En cuanto a la tarjeta: En caso que haya comprado en cuotas controlar que la cantidad marcada sea la que usted eligi\u00f3.<\/p><p><b>ART\u00cdCULOS ADICIONALES NO RETORNABLES<\/b><\/p><p>-Tarjetas de regalo<\/p><p>-Productos de software descargable<\/p><p>-Algunos art\u00edculos de salud y cuidado personal.<\/p><p>Para completar su devoluci\u00f3n, requerimos un recibo o comprobante de compra.<\/p><p>Hay ciertas situaciones en las que solo se otorgan reembolsos parciales (si corresponde)<\/p><p>-Cualquier art\u00edculo que no est\u00e9 en su estado original, est\u00e1 da\u00f1ado o le faltan piezas por razones que no se deben a nuestro error.<\/p><p>-Cualquier art\u00edculo devuelto m\u00e1s de 30 d\u00edas despu\u00e9s entrega.<\/p><p><strong>REEMBOLSOS (SI CORRESPONDE)<\/strong><\/p><p>No env\u00ede su compra de vuelta al fabricante.<\/p><p>Una vez que se reciba e inspeccione su devoluci\u00f3n, le enviaremos un correo electr\u00f3nico para notificarle que hemos recibido su art\u00edculo devuelto. Tambi\u00e9n le notificaremos la aprobaci\u00f3n o rechazo de su reembolso.<\/p><p>Si es aprobado, su reembolso ser\u00e1 procesado y se aplicar\u00e1 autom\u00e1ticamente un cr\u00e9dito a su tarjeta de cr\u00e9dito o m\u00e9todo de pago original, dentro de un cierto cantidad de d\u00edas.<\/p><p><strong>REEMBOLSOS TARD\u00cdOS O FALTANTES (SI CORRESPONDE) <\/strong><\/p><p>Si a\u00fan no ha recibido un reembolso, primero verifique su cuenta bancaria nuevamente.<\/p><p>Luego comun\u00edquese con la compa\u00f1\u00eda de su tarjeta de cr\u00e9dito, puede pasar alg\u00fan tiempo antes de que su reembolso se publique oficialmente.<\/p><p>Luego contacte a su banco. A menudo hay alg\u00fan tiempo de procesamiento antes de que se publique un reembolso.<\/p><p><b>INTERCAMBIOS (SI CORRESPONDE)<\/b><\/p><p>Si ha hecho todo esto y a\u00fan no ha recibido su reembolso, cont\u00e1ctenos en nuestro<\/p><p>Whatsapp de servicio al cliente: \u200e\u202a+54 9 11 2484\u20116035\u202c\u00a0<\/p><p>Art\u00edculos en oferta (si corresponde)<\/p><p>Solo se pueden reembolsar los art\u00edculos a precio regular, desafortunadamente los art\u00edculos en oferta no se pueden reembolsar.<\/p><p>Si el art\u00edculo no se marc\u00f3 como regalo cuando lo compr\u00f3, o si el donante recibi\u00f3 el pedido para que se lo env\u00eden m\u00e1s tarde, le enviaremos un reembolso al donante y \u00e9l encontrar\u00e1 fuera de su regreso.<\/p><p><b>ENV\u00cdO<\/b><\/p><p>Para devolver su producto (si corresponde), comun\u00edquese con nosotros al Whatsapp<\/p><p>Solo reemplazamos los art\u00edculos si est\u00e1n defectuosos o da\u00f1ados. Si necesita cambiarlo por el mismo art\u00edculo, env\u00edenos un mensaje a GRIPX<\/p><p><b>REGALOS<\/b><\/p><p>Si el art\u00edculo se marc\u00f3 como regalo cuando se compr\u00f3 y se le envi\u00f3 directamente a usted, recibir\u00e1 un cr\u00e9dito de regalo por el valor de su devoluci\u00f3n. Una vez que se reciba el art\u00edculo devuelto, se le enviar\u00e1 un certificado de regalo.<\/p><p>Dependiendo de d\u00f3nde viva, el tiempo que le tome a su producto intercambiado llegar a usted puede variar.<\/p><p>Usted ser\u00e1 responsable de pagar sus propios costos de env\u00edo para devolver su art\u00edculo.<\/p><p>Los gastos de env\u00edo no son reembolsables. Si recibe un reembolso, el costo del env\u00edo de devoluci\u00f3n se deducir\u00e1 de su reembolso.<\/p><p>Si est\u00e1 enviando un art\u00edculo de m\u00e1s de $10.000, deber\u00eda considerar usar un servicio de env\u00edo rastreable o comprar un seguro de env\u00edo. No garantizamos que recibiremos su art\u00edculo devuelto.<\/p><p><!-- \/wp:paragraph --><\/p>\t\t\t\t\t\t\t\t<\/div>\n\t\t\t\t\t<\/div>\n\t\t\t\t<\/div>\n\t\t\t\t<\/div>\n\t\t","protected":false},"excerpt":{"rendered":"<p>POL\u00cdTICA DE DEVOLUCI\u00d3N CANCELACI\u00d3N DE COMPRA Y DEVOLUCIONES: 1. Una vez realizado el pago est\u00e1 aceptando todos los t\u00e9rminos y condiciones tanto de la descripci\u00f3n del producto como las formas de pago que eligi\u00f3. GRIPX no se hace responsable de su decisi\u00f3n de compra y no podr\u00e1 reembolsarle el dinero debido al tiempo de procesamiento [&hellip;]<\/p>\n","protected":false},"author":1,"featured_media":0,"parent":0,"menu_order":0,"comment_status":"closed","ping_status":"closed","template":"","meta":{"_joinchat":[],"footnotes":""},"class_list":["post-14","page","type-page","status-publish","hentry"],"yoast_head":"<!-- This site is optimized with the Yoast SEO plugin v27.5 - https:\/\/yoast.com\/product\/yoast-seo-wordpress\/ -->\n<title>Pol\u00edtica de devoluciones y reembolsos - Gripx<\/title>\n<meta name=\"robots\" content=\"index, follow, max-snippet:-1, max-image-preview:large, max-video-preview:-1\" \/>\n<link rel=\"canonical\" href=\"https:\/\/officialgripx.com.ar\/index.php\/reembolso_devoluciones\/\" \/>\n<meta property=\"og:locale\" content=\"es_ES\" \/>\n<meta property=\"og:type\" content=\"article\" \/>\n<meta property=\"og:title\" content=\"Pol\u00edtica de devoluciones y reembolsos - Gripx\" \/>\n<meta property=\"og:description\" content=\"POL\u00cdTICA DE DEVOLUCI\u00d3N CANCELACI\u00d3N DE COMPRA Y DEVOLUCIONES: 1. Una vez realizado el pago est\u00e1 aceptando todos los t\u00e9rminos y condiciones tanto de la descripci\u00f3n del producto como las formas de pago que eligi\u00f3. GRIPX no se hace responsable de su decisi\u00f3n de compra y no podr\u00e1 reembolsarle el dinero debido al tiempo de procesamiento [&hellip;]\" \/>\n<meta property=\"og:url\" content=\"https:\/\/officialgripx.com.ar\/index.php\/reembolso_devoluciones\/\" \/>\n<meta property=\"og:site_name\" content=\"Gripx\" \/>\n<meta property=\"article:modified_time\" content=\"2025-12-01T19:59:41+00:00\" \/>\n<meta name=\"twitter:card\" content=\"summary_large_image\" \/>\n<meta name=\"twitter:label1\" content=\"Tiempo de lectura\" \/>\n\t<meta name=\"twitter:data1\" content=\"4 minutos\" \/>\n<script type=\"application\/ld+json\" class=\"yoast-schema-graph\">{\"@context\":\"https:\\\/\\\/schema.org\",\"@graph\":[{\"@type\":\"WebPage\",\"@id\":\"https:\\\/\\\/officialgripx.com.ar\\\/index.php\\\/reembolso_devoluciones\\\/\",\"url\":\"https:\\\/\\\/officialgripx.com.ar\\\/index.php\\\/reembolso_devoluciones\\\/\",\"name\":\"Pol\u00edtica de devoluciones y reembolsos - Gripx\",\"isPartOf\":{\"@id\":\"https:\\\/\\\/officialgripx.com.ar\\\/#website\"},\"datePublished\":\"2025-10-17T12:56:56+00:00\",\"dateModified\":\"2025-12-01T19:59:41+00:00\",\"breadcrumb\":{\"@id\":\"https:\\\/\\\/officialgripx.com.ar\\\/index.php\\\/reembolso_devoluciones\\\/#breadcrumb\"},\"inLanguage\":\"es\",\"potentialAction\":[{\"@type\":\"ReadAction\",\"target\":[\"https:\\\/\\\/officialgripx.com.ar\\\/index.php\\\/reembolso_devoluciones\\\/\"]}]},{\"@type\":\"BreadcrumbList\",\"@id\":\"https:\\\/\\\/officialgripx.com.ar\\\/index.php\\\/reembolso_devoluciones\\\/#breadcrumb\",\"itemListElement\":[{\"@type\":\"ListItem\",\"position\":1,\"name\":\"Portada\",\"item\":\"https:\\\/\\\/officialgripx.com.ar\\\/\"},{\"@type\":\"ListItem\",\"position\":2,\"name\":\"Pol\u00edtica de devoluciones y reembolsos\"}]},{\"@type\":\"WebSite\",\"@id\":\"https:\\\/\\\/officialgripx.com.ar\\\/#website\",\"url\":\"https:\\\/\\\/officialgripx.com.ar\\\/\",\"name\":\"GRIPX\",\"description\":\"\",\"publisher\":{\"@id\":\"https:\\\/\\\/officialgripx.com.ar\\\/#organization\"},\"potentialAction\":[{\"@type\":\"SearchAction\",\"target\":{\"@type\":\"EntryPoint\",\"urlTemplate\":\"https:\\\/\\\/officialgripx.com.ar\\\/?s={search_term_string}\"},\"query-input\":{\"@type\":\"PropertyValueSpecification\",\"valueRequired\":true,\"valueName\":\"search_term_string\"}}],\"inLanguage\":\"es\"},{\"@type\":\"Organization\",\"@id\":\"https:\\\/\\\/officialgripx.com.ar\\\/#organization\",\"name\":\"GRIPX\",\"url\":\"https:\\\/\\\/officialgripx.com.ar\\\/\",\"logo\":{\"@type\":\"ImageObject\",\"inLanguage\":\"es\",\"@id\":\"https:\\\/\\\/officialgripx.com.ar\\\/#\\\/schema\\\/logo\\\/image\\\/\",\"url\":\"https:\\\/\\\/officialgripx.com.ar\\\/wp-content\\\/uploads\\\/2025\\\/10\\\/cropped-Gemini_Generated_Image_8wn33m8wn33m8wn3.png\",\"contentUrl\":\"https:\\\/\\\/officialgripx.com.ar\\\/wp-content\\\/uploads\\\/2025\\\/10\\\/cropped-Gemini_Generated_Image_8wn33m8wn33m8wn3.png\",\"width\":512,\"height\":512,\"caption\":\"GRIPX\"},\"image\":{\"@id\":\"https:\\\/\\\/officialgripx.com.ar\\\/#\\\/schema\\\/logo\\\/image\\\/\"}}]}<\/script>\n<!-- \/ Yoast SEO plugin. -->","yoast_head_json":{"title":"Pol\u00edtica de devoluciones y reembolsos - Gripx","robots":{"index":"index","follow":"follow","max-snippet":"max-snippet:-1","max-image-preview":"max-image-preview:large","max-video-preview":"max-video-preview:-1"},"canonical":"https:\/\/officialgripx.com.ar\/index.php\/reembolso_devoluciones\/","og_locale":"es_ES","og_type":"article","og_title":"Pol\u00edtica de devoluciones y reembolsos - Gripx","og_description":"POL\u00cdTICA DE DEVOLUCI\u00d3N CANCELACI\u00d3N DE COMPRA Y DEVOLUCIONES: 1. Una vez realizado el pago est\u00e1 aceptando todos los t\u00e9rminos y condiciones tanto de la descripci\u00f3n del producto como las formas de pago que eligi\u00f3. GRIPX no se hace responsable de su decisi\u00f3n de compra y no podr\u00e1 reembolsarle el dinero debido al tiempo de procesamiento [&hellip;]","og_url":"https:\/\/officialgripx.com.ar\/index.php\/reembolso_devoluciones\/","og_site_name":"Gripx","article_modified_time":"2025-12-01T19:59:41+00:00","twitter_card":"summary_large_image","twitter_misc":{"Tiempo de lectura":"4 minutos"},"schema":{"@context":"https:\/\/schema.org","@graph":[{"@type":"WebPage","@id":"https:\/\/officialgripx.com.ar\/index.php\/reembolso_devoluciones\/","url":"https:\/\/officialgripx.com.ar\/index.php\/reembolso_devoluciones\/","name":"Pol\u00edtica de devoluciones y reembolsos - Gripx","isPartOf":{"@id":"https:\/\/officialgripx.com.ar\/#website"},"datePublished":"2025-10-17T12:56:56+00:00","dateModified":"2025-12-01T19:59:41+00:00","breadcrumb":{"@id":"https:\/\/officialgripx.com.ar\/index.php\/reembolso_devoluciones\/#breadcrumb"},"inLanguage":"es","potentialAction":[{"@type":"ReadAction","target":["https:\/\/officialgripx.com.ar\/index.php\/reembolso_devoluciones\/"]}]},{"@type":"BreadcrumbList","@id":"https:\/\/officialgripx.com.ar\/index.php\/reembolso_devoluciones\/#breadcrumb","itemListElement":[{"@type":"ListItem","position":1,"name":"Portada","item":"https:\/\/officialgripx.com.ar\/"},{"@type":"ListItem","position":2,"name":"Pol\u00edtica de devoluciones y reembolsos"}]},{"@type":"WebSite","@id":"https:\/\/officialgripx.com.ar\/#website","url":"https:\/\/officialgripx.com.ar\/","name":"GRIPX","description":"","publisher":{"@id":"https:\/\/officialgripx.com.ar\/#organization"},"potentialAction":[{"@type":"SearchAction","target":{"@type":"EntryPoint","urlTemplate":"https:\/\/officialgripx.com.ar\/?s={search_term_string}"},"query-input":{"@type":"PropertyValueSpecification","valueRequired":true,"valueName":"search_term_string"}}],"inLanguage":"es"},{"@type":"Organization","@id":"https:\/\/officialgripx.com.ar\/#organization","name":"GRIPX","url":"https:\/\/officialgripx.com.ar\/","logo":{"@type":"ImageObject","inLanguage":"es","@id":"https:\/\/officialgripx.com.ar\/#\/schema\/logo\/image\/","url":"https:\/\/officialgripx.com.ar\/wp-content\/uploads\/2025\/10\/cropped-Gemini_Generated_Image_8wn33m8wn33m8wn3.png","contentUrl":"https:\/\/officialgripx.com.ar\/wp-content\/uploads\/2025\/10\/cropped-Gemini_Generated_Image_8wn33m8wn33m8wn3.png","width":512,"height":512,"caption":"GRIPX"},"image":{"@id":"https:\/\/officialgripx.com.ar\/#\/schema\/logo\/image\/"}}]}},"_links":{"self":[{"href":"https:\/\/officialgripx.com.ar\/index.php\/wp-json\/wp\/v2\/pages\/14","targetHints":{"allow":["GET"]}}],"collection":[{"href":"https:\/\/officialgripx.com.ar\/index.php\/wp-json\/wp\/v2\/pages"}],"about":[{"href":"https:\/\/officialgripx.com.ar\/index.php\/wp-json\/wp\/v2\/types\/page"}],"author":[{"embeddable":true,"href":"https:\/\/officialgripx.com.ar\/index.php\/wp-json\/wp\/v2\/users\/1"}],"replies":[{"embeddable":true,"href":"https:\/\/officialgripx.com.ar\/index.php\/wp-json\/wp\/v2\/comments?post=14"}],"version-history":[{"count":42,"href":"https:\/\/officialgripx.com.ar\/index.php\/wp-json\/wp\/v2\/pages\/14\/revisions"}],"predecessor-version":[{"id":952,"href":"https:\/\/officialgripx.com.ar\/index.php\/wp-json\/wp\/v2\/pages\/14\/revisions\/952"}],"wp:attachment":[{"href":"https:\/\/officialgripx.com.ar\/index.php\/wp-json\/wp\/v2\/media?parent=14"}],"curies":[{"name":"wp","href":"https:\/\/api.w.org\/{rel}","templated":true}]}}